{"id":224,"date":"2022-12-22T04:54:21","date_gmt":"2022-12-22T01:54:21","guid":{"rendered":"http:\/\/metgumruk.com\/?page_id=224"},"modified":"2023-01-21T14:44:08","modified_gmt":"2023-01-21T11:44:08","slug":"ithalat-hizmetleri","status":"publish","type":"page","link":"https:\/\/metgumruk.com\/index.php\/ithalat-hizmetleri\/","title":{"rendered":"\u0130thalat Hizmetleri"},"content":{"rendered":"\n<p>Met G\u00fcmr\u00fck M\u00fc\u015favirli\u011fi Olarak T\u00fcm G\u00fcmr\u00fck \u0130\u015flemlerinizde Alan\u0131nda Uzman Kadro ve Ekibimiz ile Hizmetinizdeyiz. T\u00fcm \u0130\u015flemleriniz \u0130\u00e7in Bilgi veya Dan\u0131\u015fmanl\u0131k Hizmeti Almak \u0130\u00e7in L\u00fctfen <strong><em><a href=\"http:\/\/wa.me\/905393706181\" data-type=\"URL\" data-id=\"wa.me\/905393706181\">T\u0131klay\u0131n\u0131z<\/a><\/em><\/strong>.<\/p>\n","protected":false},"excerpt":{"rendered":"<p>Met G\u00fcmr\u00fck M\u00fc\u015favirli\u011fi Olarak T\u00fcm G\u00fcmr\u00fck \u0130\u015flemlerinizde Alan\u0131nda Uzman Kadro ve Ekibimiz ile Hizmetinizdeyiz. T\u00fcm \u0130\u015flemleriniz \u0130\u00e7in Bilgi veya Dan\u0131\u015fmanl\u0131k Hizmeti Almak \u0130\u00e7in L\u00fctfen T\u0131klay\u0131n\u0131z.<\/p>\n","protected":false},"author":1,"featured_media":0,"parent":0,"menu_order":0,"comment_status":"closed","ping_status":"closed","template":"","meta":{"footnotes":""},"class_list":["post-224","page","type-page","status-publish","hentry"],"_links":{"self":[{"href":"https:\/\/metgumruk.com\/index.php\/wp-json\/wp\/v2\/pages\/224","targetHints":{"allow":["GET"]}}],"collection":[{"href":"https:\/\/metgumruk.com\/index.php\/wp-json\/wp\/v2\/pages"}],"about":[{"href":"https:\/\/metgumruk.com\/index.php\/wp-json\/wp\/v2\/types\/page"}],"author":[{"embeddable":true,"href":"https:\/\/metgumruk.com\/index.php\/wp-json\/wp\/v2\/users\/1"}],"replies":[{"embeddable":true,"href":"https:\/\/metgumruk.com\/index.php\/wp-json\/wp\/v2\/comments?post=224"}],"version-history":[{"count":3,"href":"https:\/\/metgumruk.com\/index.php\/wp-json\/wp\/v2\/pages\/224\/revisions"}],"predecessor-version":[{"id":359,"href":"https:\/\/metgumruk.com\/index.php\/wp-json\/wp\/v2\/pages\/224\/revisions\/359"}],"wp:attachment":[{"href":"https:\/\/metgumruk.com\/index.php\/wp-json\/wp\/v2\/media?parent=224"}],"curies":[{"name":"wp","href":"https:\/\/api.w.org\/{rel}","templated":true}]}}